1 prime?
True
Is 3874219 a composite number?
False
Is 117907586 a prime number?
False
Is 2361613 composite?
True
Is 14178487 prime?
False
Is 11880938 prime?
False
Is 3330673 composite?
True
Is 4589911 a prime number?
False
Is 4485337 a prime number?
False
Is 3350449 a composite number?
True
Is 36613547 composite?
True
Is 970537 a prime number?
True
Is 6190727 a composite number?
False
Is 459223403 a prime number?
False
Is 7666507 a prime number?
False
Is 77954223 composite?
True
Is 138688769 a composite number?
False
Is 26190179 prime?
False
Is 709219934 prime?
False
Is 5868073 a composite number?
False
Is 33524999 prime?
True
Is 32042317 a composite number?
False
Is 1288871 prime?
True
Is 53417981 a composite number?
True
Is 744497 a prime number?
False
Is 386455 prime?
False
Is 278659562 a composite number?
True
Is 6570227 composite?
False
Is 1015741 a composite number?
True
Is 311323 prime?
True
Is 525101 prime?
True
Is 560537 a composite number?
True
Is 110951791 prime?
True
Is 268231 a composite number?
True
Is 15369581 composite?
True
Is 66945049 prime?
True
Is 12641917 composite?
False
Is 12848291 a prime number?
False
Is 462323 a composite number?
True
Is 82325338 prime?
False
Is 22366481 composite?
False
Is 56669329 composite?
True
Is 8614409 a prime number?
True
Is 47052991 prime?
False
Is 31938149 composite?
False
Is 39789067 prime?
True
Is 1514701 a prime number?
True
Is 702497 a composite number?
False
Is 105012701 prime?
False
Is 2684141 a composite number?
False
Is 122306917 a composite number?
True
Is 13545173 composite?
False
Is 2572799 a prime number?
True
Is 118441 a composite number?
True
Is 121825409 a prime number?
False
Is 897101 a composite number?
False
Is 63128357 a prime number?
True
Is 70764097 a prime number?
True
Is 134294026 composite?
True
Is 925889 a prime number?
False
Is 117835 a prime number?
False
Is 40689869 prime?
False
Is 638331 composite?
True
Is 2208887 a composite number?
False
Is 6054929 composite?
False
Is 12338927 prime?
True
Is 155197 a prime number?
False
Is 73535621 prime?
True
Is 546461 a prime number?
True
Is 544249 prime?
False
Is 747491 a prime number?
False
Is 10114583 a composite number?
True
Is 127109959 a composite number?
False
Is 8923861 a prime number?
False
Is 2206543 a composite number?
False
Is 24366071 a prime number?
False
Is 4890421 composite?
True
Is 25526393 a prime number?
True
Is 13994061 a prime number?
False
Is 985151 a prime number?
True
Is 171882389 a composite number?
True
Is 256159097 a composite number?
True
Is 2532679 a prime number?
False
Is 73021669 a composite number?
True
Is 3880109 composite?
True
Is 39462655 prime?
False
Is 9935027 prime?
True
Is 110291 a composite number?
False
Is 1494799 a composite number?
False
Is 1225361 a composite number?
False
Is 153903353 composite?
False
Is 838091 composite?
False
Is 30513971 a composite number?
False
Is 12480713 composite?
True
Is 918497 composite?
False
Is 10688497 a prime number?
True
Is 145659299 a prime number?
False
Is 3818831 prime?
True
Is 172310647 a prime number?
True
Is 432615679 a prime number?
True
Is 53101499 prime?
False
Is 18855509 composite?
False
Is 10463743 a composite number?
False
Is 597977 a composite number?
True
Is 8442043 prime?
True
Is 395635177 composite?
True
Is 46515019 a composite number?
True
Is 1232029 composite?
True
Is 42425983 composite?
True
Is 31254121 a composite number?
False
Is 10304753 composite?
True
Is 195571 a prime number?
False
Is 880199 a composite number?
False
Is 658609463 a composite number?
False
Is 16875647 composite?
False
Is 25785505 a prime number?
False
Is 569963 a composite number?
True
Is 58014577 composite?
False
Is 316801 a prime number?
True
Is 13664279 a composite number?
False
Is 134555329 a composite number?
False
Is 4835461 composite?
False
Is 13362017 composite?
True
Is 32526437 a prime number?
True
Is 218611 prime?
True
Is 818502431 a composite number?
False
Is 5485723 prime?
False
Is 474744211 a prime number?
False
Is 15693451 a composite number?
True
Is 12207298 composite?
True
Is 416784503 composite?
False
Is 128023417 a prime number?
True
Is 47160073 a prime number?
False
Is 114088354 composite?
True
Is 3502297 a composite number?
False
Is 198316039 prime?
True
Is 37720565 a composite number?
True
Is 532158007 a prime number?
True
Is 4273349 a prime number?
False
Is 64928027 a prime number?
False
Is 8311229 prime?
False
Is 14295859 a composite number?
False
Is 5037027 prime?
False
Is 2832161 a prime number?
False
Is 6492769 a composite number?
True
Is 298826993 prime?
True
Is 20980859 a composite number?
False
Is 71768407 a prime number?
False
Is 532401 a composite number?
True
Is 86884939 a composite number?
False
Is 10387997 composite?
False
Is 8743169 prime?
True
Is 13042 a prime number?
False
Is 39316661 prime?
True
Is 100490951 prime?
False
Is 96569 a composite number?
True
Is 42435707 composite?
True
Is 627298843 a composite number?
True
Is 1181599 composite?
True
Is 11173817 prime?
True
Is 1589501 a prime number?
True
Is 30883087 prime?
True
Is 4825267 a prime number?
True
Is 100026445 a composite number?
True
Is 877997 prime?
True
Is 6084917 a prime number?
False
Is 16255223 a composite number?
False
Is 570641 prime?
False
Is 45815507 composite?
False
Is 8957371 a prime number?
False
Is 6297367 prime?
True
Is 120662279 a prime number?
True
Is 551728993 composite?
True
Is 65770689 a prime number?
False
Is 5072909 composite?
True
Is 1158747 composite?
True
Is 384589697 prime?
False
Is 84767939 a composite number?
False
Is 1345777 a prime number?
True
Is 1894417 a prime number?
False
Is 937331 composite?
False
Is 15550421 composite?
False
Is 173663489 a prime number?
True
Is 241524859 a composite number?
True
Is 4342357 a prime number?
False
Is 65355215 a prime number?
False
Is 4619399 a prime number?
True
Is 165426361 a composite number?
False
Is 15084799 a composite number?
False
Is 425063 composite?
True
Is 25952173 a composite number?
True
Is 70043629 prime?
False
Is 78847487 prime?
False
Is 48040833 a prime number?
False
Is 856165 composite?
True
Is 268701229 prime?
True
Is 4855327 composite?
False
Is 89515069 composite?
True
Is 6172879 composite?
False
Is 780421 composite?
False
Is 49850519 a prime number?
True
Is 5551157 a composite number?
False
Is 310556033 composite?
False
Is 544367 prime?
True
Is 1142747 composite?
True
Is 4142891 composite?
False
Is 169551257 a prime number?
True
Is 16358779 a prime number?
True
Is 70049947 composite?
True
Is 44837 a prime number?
False
Is 2780641 prime?
True
Is 5471119 a composite number?
True
Is 150100849 a composite number?
False
Is 909065 prime?
False
Is 11579209 a prime number?
True
Is 27309017 a prime number?
False
Is 2550305 prime?
False
Is 6258169 composite?
True
Is 677606833 prime?
True
Is 14166757 a composite number?
True
Is 170741063 a prime number?
False
Is 19434769 a prime number?
True
Is 27058651 a prime number?
True
Is 36101113 prime?
True
Is 1096883 a prime number?
True
Is 153356273 a prime number?
False
Is 5748307 composite?
True
Is 28142623 a prime number?
True
Is 20929409 prime?
True
Is 66699979 composite?
False
Is 5936947 prime?
False
Is 489625699 a composite number?
True
Is 257855753 a prime number?
False
Is 108411383 prime?
True
Is 15784793 prime?
True
Is 13024391 a composite number?
False
Is 3728561 a prime number?
True
Is 1489907 a prime number?
False
Is 116037697 a composite number?
False
Is 17463958 a prime number?
False
Is 7582541 prime?
True
Is 648069 a prime number?
False
Is 241863851 a composite number?
True
Is 1599647 a prime number?
False
Is 256400777 a prime number?
True
Is 16729151 a composite number?
True
Is 130674149 a composite number?
False
Is 9676087 a composite number?
False
Is 119718169 composite?
True
Is 27805033 prime?
False
Is 846203803 a composite number?
False
Is 89780101 composite?
False
Is 256071047 a prime number?
True
Is 2843501 a composite number?
False
Is 47621851 a composite number?
False
Is 33256121 a composite number?
False
Is 258677273 composite?
False
Is 8459233 a prime number?
True
Is 366677 composite?
False
Is 3426817 a prime number?
False
Is 2407895387 a composite number?
False
Is 41597489 prime?
False
Is 388000211 a composite number?